{"id":1216,"date":"2015-05-07T19:08:26","date_gmt":"2015-05-07T17:08:26","guid":{"rendered":"http:\/\/www.champi-net.ch\/?page_id=1216"},"modified":"2015-05-07T19:57:16","modified_gmt":"2015-05-07T17:57:16","slug":"ce-sion-du-3-mai-2015","status":"publish","type":"page","link":"https:\/\/www.champi-net.ch\/?page_id=1216","title":{"rendered":"CE Sion du 3 mai 2015"},"content":{"rendered":"<p><a title=\"Compte rendu des herborisations de la CE\" href=\"http:\/\/www.champi-net.ch\/?page_id=869\" target=\"_blank\"><strong><span style=\"font-size: 20pt;\"><span style=\"color: #0000ff; font-size: 18pt;\"><em>Consultez \u00e9galement les archives des CE<\/em><\/span>\u00a0<\/span><\/strong><\/a><\/p>\n\n<table id=\"tablepress-12\" class=\"tablepress tablepress-id-12\">\n<tbody class=\"row-striping\">\n<tr class=\"row-1\">\n\t<td class=\"column-1\">Cette ann\u00e9e les intemp\u00e9ries n'ont pas emp\u00each\u00e9 une vingtaine de passionn\u00e9s de traquer les carpophores dans la r\u00e9gion de Montorge, du bois du Botza et de Vex voire plus loin \u00e0 La Crettaz. Notre ami expert du Geuroz, en la personne de Jean-Michel Faibella, nous a comment\u00e9 et d\u00e9crit avec pr\u00e9cision les quelques esp\u00e8ces trouv\u00e9es ce jour, notamment des morilles et des calocybe gambosa, les fameux tricholomes de la St-George (photo ci-contre).<\/td><td class=\"column-2\"><img loading=\"lazy\" decoding=\"async\" src=\"http:\/\/www.champi-net.ch\/wp-content\/uploads\/calocybe-gambosa-300x225.jpg\" alt=\"calocybe gambosa\" width=\"300\" height=\"225\" class=\"aligncenter size-medium wp-image-1210\" srcset=\"https:\/\/www.champi-net.ch\/wp-content\/uploads\/calocybe-gambosa-300x225.jpg 300w, https:\/\/www.champi-net.ch\/wp-content\/uploads\/calocybe-gambosa-400x300.jpg 400w, https:\/\/www.champi-net.ch\/wp-content\/uploads\/calocybe-gambosa.jpg 1024w\" sizes=\"auto, (max-width: 300px) 100vw, 300px\" \/><\/td>\n<\/tr>\n<tr class=\"row-2\">\n\t<td class=\"column-1\"><img loading=\"lazy\" decoding=\"async\" src=\"http:\/\/www.champi-net.ch\/wp-content\/uploads\/JM-Faibella-300x225.jpg\" alt=\"JM Faibella\" width=\"300\" height=\"225\" class=\"aligncenter size-medium wp-image-1213\" srcset=\"https:\/\/www.champi-net.ch\/wp-content\/uploads\/JM-Faibella-300x225.jpg 300w, https:\/\/www.champi-net.ch\/wp-content\/uploads\/JM-Faibella-400x300.jpg 400w, https:\/\/www.champi-net.ch\/wp-content\/uploads\/JM-Faibella.jpg 1024w\" sizes=\"auto, (max-width: 300px) 100vw, 300px\" \/><\/td><td class=\"column-2\"><img loading=\"lazy\" decoding=\"async\" src=\"http:\/\/www.champi-net.ch\/wp-content\/uploads\/commentaire-table-300x225.jpg\" alt=\"commentaire table\" width=\"300\" height=\"225\" class=\"aligncenter size-medium wp-image-1211\" srcset=\"https:\/\/www.champi-net.ch\/wp-content\/uploads\/commentaire-table-300x225.jpg 300w, https:\/\/www.champi-net.ch\/wp-content\/uploads\/commentaire-table-400x300.jpg 400w, https:\/\/www.champi-net.ch\/wp-content\/uploads\/commentaire-table.jpg 1024w\" sizes=\"auto, (max-width: 300px) 100vw, 300px\" \/><\/td>\n<\/tr>\n<tr class=\"row-3\">\n\t<td class=\"column-1\"><img loading=\"lazy\" decoding=\"async\" src=\"http:\/\/www.champi-net.ch\/wp-content\/uploads\/P1010640-300x225.jpg\" alt=\"P1010640\" width=\"300\" height=\"225\" class=\"aligncenter size-medium wp-image-1214\" srcset=\"https:\/\/www.champi-net.ch\/wp-content\/uploads\/P1010640-300x225.jpg 300w, https:\/\/www.champi-net.ch\/wp-content\/uploads\/P1010640-400x300.jpg 400w, https:\/\/www.champi-net.ch\/wp-content\/uploads\/P1010640.jpg 1024w\" sizes=\"auto, (max-width: 300px) 100vw, 300px\" \/><\/td><td class=\"column-2\"><img loading=\"lazy\" decoding=\"async\" src=\"http:\/\/www.champi-net.ch\/wp-content\/uploads\/experts-300x225.jpg\" alt=\"experts\" width=\"300\" height=\"225\" class=\"aligncenter size-medium wp-image-1212\" srcset=\"https:\/\/www.champi-net.ch\/wp-content\/uploads\/experts-300x225.jpg 300w, https:\/\/www.champi-net.ch\/wp-content\/uploads\/experts-400x300.jpg 400w, https:\/\/www.champi-net.ch\/wp-content\/uploads\/experts.jpg 1024w\" sizes=\"auto, (max-width: 300px) 100vw, 300px\" \/><\/td>\n<\/tr>\n<\/tbody>\n<\/table>\n<!-- #tablepress-12 from cache -->\n<p>&nbsp;<\/p>\n<p><strong><span style=\"font-size: 20pt;\">\u00a0<\/span><\/strong><\/p>\n","protected":false},"excerpt":{"rendered":"<p>Consultez \u00e9galement les archives des CE\u00a0 &nbsp; \u00a0<\/p>\n","protected":false},"author":4,"featured_media":0,"parent":0,"menu_order":0,"comment_status":"open","ping_status":"open","template":"sidebar-page.php","meta":{"footnotes":""},"class_list":["post-1216","page","type-page","status-publish","hentry"],"_links":{"self":[{"href":"https:\/\/www.champi-net.ch\/index.php?rest_route=\/wp\/v2\/pages\/1216","targetHints":{"allow":["GET"]}}],"collection":[{"href":"https:\/\/www.champi-net.ch\/index.php?rest_route=\/wp\/v2\/pages"}],"about":[{"href":"https:\/\/www.champi-net.ch\/index.php?rest_route=\/wp\/v2\/types\/page"}],"author":[{"embeddable":true,"href":"https:\/\/www.champi-net.ch\/index.php?rest_route=\/wp\/v2\/users\/4"}],"replies":[{"embeddable":true,"href":"https:\/\/www.champi-net.ch\/index.php?rest_route=%2Fwp%2Fv2%2Fcomments&post=1216"}],"version-history":[{"count":5,"href":"https:\/\/www.champi-net.ch\/index.php?rest_route=\/wp\/v2\/pages\/1216\/revisions"}],"predecessor-version":[{"id":1218,"href":"https:\/\/www.champi-net.ch\/index.php?rest_route=\/wp\/v2\/pages\/1216\/revisions\/1218"}],"wp:attachment":[{"href":"https:\/\/www.champi-net.ch\/index.php?rest_route=%2Fwp%2Fv2%2Fmedia&parent=1216"}],"curies":[{"name":"wp","href":"https:\/\/api.w.org\/{rel}","templated":true}]}}